 factor of 6474?
True
Is 2 a factor of 82?
True
Is 253 a multiple of 23?
True
Is 4234 a multiple of 58?
True
Is 18550 a multiple of 29?
False
Is 9 a factor of 432?
True
Is 36 a multiple of 27?
False
Is 30 a factor of 16725?
False
Is 2088 a multiple of 72?
True
Is 2 a factor of 1255?
False
Is 40 a multiple of 2?
True
Is 35498 a multiple of 76?
False
Is 13 a factor of 56?
False
Is 675 a multiple of 25?
True
Is 13608 a multiple of 80?
False
Does 7 divide 21?
True
Is 1332 a multiple of 42?
False
Is 32200 a multiple of 46?
True
Does 78 divide 6262?
False
Is 30 a factor of 29250?
True
Is 1380 a multiple of 23?
True
Is 481 a multiple of 6?
False
Does 32 divide 7872?
True
Is 6 a factor of 90?
True
Does 14 divide 107?
False
Is 22 a factor of 118101?
False
Does 41 divide 396?
False
Does 78 divide 2554?
False
Is 50 even?
True
Is 4315 a multiple of 5?
True
Is 19 a factor of 812?
False
Is 858 a multiple of 11?
True
Is 10 a factor of 997?
False
Is 1330 a multiple of 95?
True
Is 10 a factor of 970?
True
Is 99 a factor of 136521?
True
Is 1808 a multiple of 29?
False
Does 25 divide 1425?
True
Is 28 a factor of 1611?
False
Is 7410 a multiple of 15?
True
Is 56 a factor of 1284?
False
Is 25 a factor of 506?
False
Is 106 a factor of 4982?
True
Does 78 divide 2262?
True
Is 6204 a multiple of 11?
True
Is 16 a factor of 82?
False
Does 134 divide 111890?
True
Is 27591 a multiple of 32?
False
Is 19 a factor of 777?
False
Is 11 a factor of 1155?
True
Is 21 a factor of 483?
True
Is 20040 a multiple of 255?
False
Is 175 a factor of 123725?
True
Is 51 a factor of 21318?
True
Does 19 divide 44291?
False
Does 59 divide 649?
True
Does 36 divide 489?
False
Is 70 a factor of 2870?
True
Is 15 a factor of 3982?
False
Does 8 divide 1136?
True
Does 5 divide 1664?
False
Does 38 divide 500?
False
Does 20 divide 11981?
False
Does 21 divide 4218?
False
Is 10 a factor of 64?
False
Does 24 divide 675?
False
Does 7 divide 168?
True
Is 42 a factor of 3612?
True
Does 119 divide 3213?
True
Does 13 divide 2199?
False
Is 4945 a multiple of 146?
False
Is 19115 a multiple of 5?
True
Does 14 divide 23697?
False
Is 23 a factor of 88711?
True
Does 28 divide 30240?
True
Is 46 a factor of 2530?
True
Does 55 divide 440?
True
Does 3 divide 1308?
True
Is 157674 a multiple of 11?
True
Does 18 divide 43434?
True
Does 10 divide 91?
False
Does 23 divide 728?
False
Does 12 divide 4825?
False
Does 6 divide 24?
True
Does 44 divide 1144?
True
Is 9 a factor of 21375?
True
Does 8 divide 23848?
True
Is 1587 a multiple of 24?
False
Does 22 divide 2574?
True
Does 29 divide 66537?
False
Is 31 a multiple of 3?
False
Is 992 a multiple of 6?
False
Is 50 a factor of 300?
True
Does 23 divide 38476?
False
Is 40572 a multiple of 69?
True
Does 12 divide 1614?
False
Is 276 a multiple of 4?
True
Is 1027 a multiple of 15?
False
Does 52 divide 31616?
True
Does 3 divide 6?
True
Is 63 a factor of 76671?
True
Is 10136 a multiple of 28?
True
Does 72 divide 5472?
True
Is 69 a factor of 345?
True
Is 14723 a multiple of 62?
False
Is 38 a factor of 255?
False
Does 5 divide 9642?
False
Does 40 divide 678?
False
Is 22 a factor of 55396?
True
Is 63 a factor of 1217?
False
Is 1013 a multiple of 32?
False
Does 4 divide 34?
False
Does 46 divide 5796?
True
Is 8344 even?
True
Does 10 divide 42760?
True
Is 38 a factor of 2125?
False
Is 13 a factor of 494?
True
Is 267 a factor of 24376?
False
Is 2345 a multiple of 5?
True
Is 963 a multiple of 18?
False
Is 72 a factor of 937?
False
Is 28 a multiple of 4?
True
Is 1252 a multiple of 4?
True
Is 925 a multiple of 46?
False
Is 62 a factor of 682?
True
Does 46 divide 511?
False
Is 1507 a multiple of 57?
False
Is 6 a factor of 10984?
False
Is 178 a multiple of 3?
False
Is 10 a factor of 62?
False
Is 818 a multiple of 45?
False
Is 672 a multiple of 21?
True
Does 24 divide 3514?
False
Is 8 a factor of 178?
False
Does 2 divide 73?
False
Is 5854 a multiple of 11?
False
Does 58 divide 9802?
True
Is 450 a multiple of 28?
False
Is 2385 a multiple of 53?
True
Is 31 a factor of 279?
True
Is 1416 a multiple of 59?
True
Is 40572 a multiple of 28?
True
Does 70 divide 280?
True
Does 10 divide 22201?
False
Does 42 divide 646?
False
Does 11 divide 5555?
True
Does 16 divide 2048?
True
Is 4 a factor of 10932?
True
Does 33 divide 409?
False
Is 4375 a multiple of 25?
True
Is 36119 a multiple of 9?
False
Does 5 divide 1389?
False
Is 6 a factor of 718?
False
Is 58 a factor of 5046?
True
Is 74 a factor of 3626?
True
Does 8 divide 1390?
False
Is 5 a factor of 563?
False
Does 18 divide 4225?
False
Is 479 a multiple of 33?
False
Is 15 a multiple of 5?
True
Is 188 a multiple of 3?
False
Is 32 a factor of 480?
True
Does 63 divide 4032?
True
Is 74 a factor of 74?
True
Is 57 a factor of 2436?
False
Is 17 a factor of 4641?
True
Is 11 a factor of 5148?
True
Is 30 a factor of 1650?
True
Is 1299 a multiple of 9?
False
Is 8103 a multiple of 32?
False
Does 141 divide 25109?
False
Is 45584 a multiple of 80?
False
Is 40 a factor of 400?
True
Is 212 a factor of 848?
True
Is 5 a factor of 1157?
False
Does 22 divide 242?
True
Is 330 a factor of 120120?
True
Is 306 a factor of 61976?
False
Is 3 a factor of 4814?
False
Does 32 divide 3134?
False
Does 80 divide 720?
True
Is 52 a factor of 3166?
False
Does 42 divide 31663?
False
Is 3 a factor of 10002?
True
Does 53 divide 105?
False
Is 64 a factor of 16576?
True
Does 53 divide 5997?
False
Is 161 a factor of 1177?
False
Does 15 divide 25811?
False
Is 158 a factor of 6898?
False
Is 15 a factor of 821?
False
Is 35640 a multiple of 55?
True
Is 48486 a multiple of 10?
False
Does 20 divide 368?
False
Does 14 divide 140?
True
Does 169 divide 23998?
True
Is 17 a factor of 285?
False
Is 15 a factor of 256?
False
Is 46 a factor of 10027?
False
Does 27 divide 63?
False
Is 221 a factor of 23868?
True
Does 28 divide 1736?
True
Does 15 divide 878?
False
Is 285 a multiple of 19?
True
Does 34 divide 1462?
True
Does 33 divide 16566?
True
Does 3 divide 366?
True
Is 6 a factor of 2380?
False
Does 7 divide 756?
True
Is 5477 even?
False
Does 8 divide 4904?
True
Is 90 a factor of 2250?
True
Is 2 a factor of 654?
True
Is 712 a multiple of 2?
True
Is 7761 even?
False
Is 3376 a multiple of 78?
False
Is 7 a factor of 285?
False
Is 22 a factor of 4183?
False
Does 30 divide 150?
True
Is 14 a factor of 1050?
True
Does 36 divide 7928?
False
Is 12 a factor of 3274?
False
Is 93 a factor of 2883?
True
Does 5 divide 3255?
True
Is 2210 a multiple of 4?
False
Is 11 a factor of 440?
True
Does 10 divide 2788?
False
Does 41 divide 7790?
True
Does 13 divide 3629?
False
Is 13 a factor of 107534?
False
Is 26 a factor of 1030?
False
Does 16 divide 7685?
False
Is 399 a multiple of 19?
True
Does 12 divide 852?
True
Is 7 a factor of 142?
False
Does 82 divide 15966?
False
Is 35600 a multiple of 178?
True
Is 36 a factor of 12613?
False
Is 85 a factor of 26361?
False
Is 2259 a multiple of 37?
False
Does 22 divide 5126?
True
Does 16 divide 5800?
False
Is 2304 a multiple of 64?
True
Is 3068 a multiple of 3?
False
Is 9 a factor of 13181?
False
Does 2 divide 2139?
False
Does 13 divide 3922?
False
Is 273 a factor of 92274?
True
Is 23 a factor of 2898?
True
Is 88 a factor of 2904?
True
Is 227 a multiple of 18?
False
Does 47 divide 5217?
True
Does 12 divide 19685?
False
Is 16 a factor of 2208?
True
Is 22 a factor of 54406?
True
Is 1587 a multiple of 65?
False
Is 28 a factor of 168?
True
Is 15 a factor of 13905?
True
Is 2750 a multiple of 50?
True
Is 15 a factor of 46875?
True
Is 9086 a multiple of 14?
True
Is 8 a factor of 242?
False
Is 45 a factor of 25785?
True
Does 3 divide 5087?
False
Is 1684 a multiple of 16?
False
Is 24 a factor of 6456?
True
Is 103 even?
False
Is 13 a factor of 819?
True
Does 17 divide 8653?
True
Is 5504 a multiple of 32?
True
Is 386 a multiple of 14?
False
Is 11 a factor of 5159?
True
Is 896 a multiple of 7?
True
Is 5 a factor of 2800?
True
Is 27 a factor of 4256?
False
Is 31772 a multiple of 66?
False
Is 2072 a multiple of 37?
True
Is 1176 a multiple of 42?
True
Is 814 a multiple of 11?
True
Is 30 a factor of 737?
False
Is 14 a factor of 1148?
True
Does 9 divide 103?
False
Does 16 divide 1184?
True
Does 14 divide 616?
True
Is 86 a factor of 430?
True
Is 80 a multiple of 20?
True
Is 47 a factor of 611?
True
Is 5194 a multi